176 = -125*x + 121*x. Suppose -b + x + 181 = 0. What is the units digit of b?
5
Let b = 1300 - 1572. Let v(z) = 57*z**3 - 2. Let x be v(2). Let t = b + x. What is the units digit of t?
2
Let b = -22705 - -52704. What is the hundreds digit of b?
9
What is the units digit of (1197/(-266))/((-18)/30964)?
1
Let p = 43 - 38. Let s(k) = -7*k + 101. What is the units digit of s(p)?
6
Let j(n) = 214*n + 751. What is the thousands digit of j(15)?
3
What is the thousands digit of 222/((-26)/3276*-21)?
1
Let o be 3/((-3)/(-725))*1. Let r = 1506 - o. What is the tens digit of r?
8
Suppose -3*n - 80 = -7*n. Suppose -10*r + n = -5*r. Suppose r*a + 318 = 10*a. What is the tens digit of a?
5
What is the tens digit of 6*16/72*3369?
9
What is the thousands digit of (-236838)/(-8) + (-28)/(2128/57)?
9
Let m(k) = -7*k**2 - 3*k + 2. Let d be m(1). What is the units digit of (-2362)/(-8) + (-3 + d)/44?
5
Let t(y) = -2*y**3 - 113*y**2 + 245*y + 16. What is the ten thousands digit of t(-61)?
1
Suppose 25*a - 27*a + 10 = 0. Suppose 1879 + 2141 = a*g. What is the tens digit of g?
0
Let i = -295 + 121. Let c = 209 + i. What is the tens digit of c?
3
Suppose -5*q = 4*x - 7687, -13*q = -9*q + 4*x - 6152. What is the units digit of q?
5
Suppose 4*i - 12 = 2*g - 4, 3*i = 3*g + 3. Suppose -3*s + x + 2679 = g*x, -885 = -s - 3*x. What is the tens digit of s?
9
Let i be (17/(-2))/(2/4). Let g be 22 - 3/2*(3 + -5). Let w = i + g. What is the units digit of w?
8
Suppose 289*y - 7265347 = 17122207. What is the ten thousands digit of y?
8
Let y be (12/18)/(1/6). Let b(c) = 51*c - 62. What is the tens digit of b(y)?
4
Let o(y) = -y**3 - 8*y**2 - 9*y - 12. Let k be o(-7). Suppose 190 = 6*c - k*c - 2*r, -5*r = -4*c + 199. What is the tens digit of c?
4
Let k = -81 - -81. Let t(i) = -i**2 - 2*i - 340. Let y be t(k). Let l = -205 - y. What is the units digit of l?
5
Suppose 10*v - 5*v + 5*n = 20, -20 = 3*v - 5*n. Suppose v = 7*i - 2863 + 420. What is the hundreds digit of i?
3
Suppose -3 = -d, -4*o + 35 = -2*d - 1239. What is the units digit of o - 1*(-5)/15*0?
0
Suppose 24795598 - 394433 = 638*m - 8342909. What is the units digit of m?
3
Let u = 26903 - 14033. What is the thousands digit of u?
2
Let k = 3608 + 10338. What is the ten thousands digit of k?
1
Suppose -481*r + 484*r = 12, 2*i - 12936 = 3*r. What is the thousands digit of i?
6
Suppose 8850 = 11*i + 4*i. Suppose -589*c = -i*c + 421. What is the tens digit of c?
2
Let z(a) = -2*a**2 - 9*a. Let n be z(-4). Suppose 0 = d - 0 - n. Suppose d*j - 962 = h, 4*h + 488 = j + j. What is the hundreds digit of j?
2
Suppose 15 = 10*i - 15. Suppose -5*l - 4*y = -i*l - 518, -5*y - 1049 = -4*l. What is the hundreds digit of l?
2
Let o be 2/4 + 3592/(-16). Let x = o - -238. What is the units digit of x?
4
Let k(b) = 12*b**3 - b**2. Let f be k(1). Suppose -2*t - f + 3 = 0. Let q(c) = 6*c**2 + 3*c - 5. What is the units digit of q(t)?
9
Let s = -528 + 1800. Suppose 2*f = 5*h + 876, -3*h + s = f + 2*f. What is the tens digit of f?
2
Let n = 16 - -58. Suppose 669 = -71*u + n*u. What is the hundreds digit of u?
2
Suppose 4*d + l = -2*l + 784, 0 = -4*d + l + 784. Suppose 0 = -5*o + d + 149. Let f = -22 + o. What is the units digit of f?
7
Let n = 120 + -115. Suppose -3*p - n*k = -673, -4*p + 4*k + 904 = -36. What is the hundreds digit of p?
2
Let r(a) = 3251*a**3 + 13*a**2 + 20*a + 12. Let x(i) = 813*i**3 + 3*i**2 + 5*i + 3. Let o(m) = 2*r(m) - 9*x(m). What is the hundreds digit of o(-1)?
8
Suppose -2*k + 454 = -2*o, -252 = 2*k - 5*o - 694. Let v = 208 + -355. Let r = k + v. What is the units digit of r?
4
Let n(s) = 15*s - 18. Let v(z) = -z**3 + 4*z**2 + 14*z - 7. Let l be v(6). Let r(y) = -y**3 + 4*y**2 + 7*y. Let x be r(l). What is the units digit of n(x)?
2
Let m(u) be the second derivative of -67*u**3/6 - 7*u**2 + 7*u + 3. Let n = -23 - -20. What is the units digit of m(n)?
7
Suppose 3*r - 15 = -2*x + x, 13 = 4*r - x. Suppose z - 9 = r*z. What is the units digit of 21 + -1 - ((-9)/z - 1)?
8
Let n(w) = -85*w**3 - 49*w**2 - 203*w + 5. What is the hundreds digit of n(-4)?
4
Suppose 2 + 13 = 3*r, 4*r = -4*v + 40. Let w(o) = o**3 + 5*o**2 + 8*o - 10. What is the tens digit of w(v)?
8
Let m be (7*(-2 + 1) + 3)*-1. Suppose 5*d - 36 = m*i, -8*d - 3*i = -3*d - 8. Suppose -108 = -0*l - 2*l + d*j, 4*l = -4*j + 156. What is the tens digit of l?
4
Let t(c) = -14*c**3 - 18*c**2 - 89*c - 200. What is the thousands digit of t(-13)?
8
Let b(f) = 4*f**2 - 2*f + 18. Suppose -231 + 63 = 21*u. What is the hundreds digit of b(u)?
2
Let f(q) = 276*q**3 - q**2 - 5*q + 13. What is the hundreds digit of f(3)?
4
Let r(o) = 7*o**2 + 22*o + 272. What is the thousands digit of r(18)?
2
Let v be (21/(-12))/((12/32)/(27/(-18))). Let x = 972 - 677. Suppose v*i - x = 482. What is the hundreds digit of i?
1
Let n(s) = 21*s**3 + 17*s**2 - 51*s. What is the units digit of n(12)?
4
Suppose -35*c + 30*c - 721 = -o, 5*c - 3455 = -5*o. Suppose -o = -4*l + 2*q, 2*q + 4 - 12 = 0. What is the tens digit of l?
7
Suppose 0 = 5*m - 15 + 30, 2*t - 12689 = -5*m. What is the units digit of t?
2
Let a(o) = 4517*o - 2398. What is the thousands digit of a(4)?
5
Let x(v) = -2*v - 24. Let u be x(-11). Let t(l) = 22*l**2 - 2*l - 1. Let j be t(u). Suppose -j = -s + 29. What is the units digit of s?
0
Let q(s) = -2*s**2 + 3*s + 5. Let u be q(-5). Let f = -76 + 81. What is the tens digit of u/(-35)*f*7?
6
Let i(p) = 11*p + 8*p + p**3 + 4 - 8*p**2 + 2*p**2. Let m(c) = -2*c**3 + 12*c**2 - 39*c - 7. Let k(u) = 13*i(u) + 6*m(u). What is the tens digit of k(6)?
8
Suppose 0 = -5*i - 18 + 28. What is the units digit of 11187/153 + i/(-17)?
3
Let r = 22 - 19. Suppose 0 = -3*k - r - 6. What is the units digit of ((-132)/18 - (-2)/k)*-1?
8
Suppose -47491 + 76700 = 35*n - 85906. What is the tens digit of n?
8
Let l(q) = 3*q - 31. Let j be ((-9)/2)/(-9)*60. Suppose -4*v - j = -t + 1, 29 = 3*t + 4*v. What is the units digit of l(t)?
4
Suppose -65 = 3*m - 4*m + 5*r, -2*r = -2. Let i = 125 - m. What is the tens digit of i?
5
Suppose 4*c - 5*g - 423 = 0, -3*c - 4*g + 132 = -2*c. Suppose -3*f + 516 = 3*r - r, 0 = 4*f - 16. Let u = r - c. What is the hundreds digit of u?
1
Let y(h) = 746*h**2 - 65*h - 499. What is the units digit of y(-8)?
5
Let w(z) be the first derivative of 53*z**2/2 - 3. Let r be w(2). Suppose 2*f + 2*u - r = 0, -4*f + 45 + 143 = -4*u. What is the tens digit of f?
5
Let k(y) be the third derivative of -y**6/120 - 2*y**5/5 - 5*y**4/4 + y**3/6 - 53*y**2. What is the hundreds digit of k(-23)?
1
Let k(i) = -i**3 + 22*i**2 - 23*i + 40. Let s be k(21). Let y(d) = -313*d - 11. Let c be y(s). What is the tens digit of 2/(1*5/c)?
4
Let j be 220/(-3)*(1/2 + -2). Suppose 5*x + 0*x = j. What is the units digit of (-115)/(-2) - (-33)/x?
9
Let o(b) = 11*b + 11. Suppose -4*u + 300 = u. Let n = -46 + u. What is the units digit of o(n)?
5
Let z(f) = f**3 - 4*f**2 + 8*f - 8. Suppose -3*t + 28 = -l, t + 0*l = 2*l + 11. Suppose w - 15 = -v - 2*v, -3*w = -t. What is the tens digit of z(v)?
2
What is the thousands digit of 983940/120 - (-2)/(-4)?
8
Let h(c) = -2*c**2 - 11*c - 7. Let p be h(-4). Suppose -1167 = -3*v - 3*x, -404 = -v + p*x - 3*x. What is the tens digit of v?
9
Suppose 0 = -8*t + 6*t + 4. Let w(a) = 93*a**t - 3*a + 14*a - 9*a + 2. What is the tens digit of w(-1)?
9
Let x = -87 - -89. Let l(n) = -36*n**3 + 5*n**2 - 9. Let g(i) = 73*i**3 - 11*i**2 - i + 19. Let w(v) = x*g(v) + 5*l(v). What is the hundreds digit of w(-2)?
2
Let j(f) = -34552*f**3 + 11*f**2 + 20*f. Let n be j(-2). What is the hundreds digit of 1/3 + (n/(-36))/(-17)?
4
Let s be (-2 + 3 - 3) + 1/1. Let z be (-105)/(-33) - ((-27)/33 - s). Suppose -2*c + 431 = -5*g, 2*g = -4*c - z*g + 877. What is the tens digit of c?
1
Suppose 2*l + 23 = -5*w, 5*l = 6*l + 4. Let r(o) = -56*o + 15. Let j(x) = 57*x - 15. Let m(k) = 3*j(k) + 4*r(k). What is the tens digit of m(w)?
7
Suppose -29 = 4*t + 19. Let w(c) = c**3 + 11*c**2 - 15*c - 10. What is the tens digit of w(t)?
2
Let t(a) = 3*a**3 + 318*a**2 - 167*a + 230. What is the thousands digit of t(-105)?
0
Let q = 2 - -14. Suppose -q = -3*n - 4. Suppose -4*g - 3*f + 228 = 0, -n*g - 5*f + f + 232 = 0. What is the units digit of g?
4
Let p(s) = 347*s**2 - 72*s - 44. What is the tens digit of p(-11)?
3
Let a